(-8654)/7. Suppose -4*u + 3796 = -r. Suppose 2*n = q + u, -2*q + 1097 = 2*n - 173. Is n a composite number?
False
Suppose -2*o = -16*j - 96170, -5*o - 14*j + 16*j + 240729 = 0. Is o composite?
True
Let b(q) be the second derivative of 9*q**4/4 + 7*q**3/6 - 58*q**2 - 2*q - 66. Is b(-14) a composite number?
True
Let b(v) = -v**3 - 25*v**2 - 4*v - 95. Let l be b(-25). Suppose -l*z + 5*c = -23590, 2*c = -5*z + 10*c + 23593. Is z a composite number?
True
Let o = -59345 - -285755. Is (-14)/(1 + (-5)/(o/45294)) a composite number?
True
Let q = -411342 - -1391215. Is q a composite number?
False
Is (-255584674)/1124*(-1 - 1) prime?
True
Let g = 78 - 27. Let n = -60 + g. Is (1 - (-15)/n)*(-2559)/2 prime?
True
Let v(m) = 147*m**2 - 10*m + 4. Let p be v(4). Suppose -p = -19*c + 13*c. Is c composite?
True
Suppose 53*w = 4*w + 6109663. Is w a prime number?
False
Suppose -9*i + 308250 = 16*i. Let t = i - 7199. Is t a prime number?
False
Let p(v) = -179582*v + 175. Is p(-3) composite?
False
Suppose 2*r - 3*s - 44 = -32, 2*r + 2*s - 2 = 0. Let x = -307 + 527. Suppose -x - 41 = -r*n. Is n a composite number?
True
Let q = -101 - -164. Let a = 316 - q. Is a a prime number?
False
Let i(n) = n - 6. Let m be i(6). Let h be (-3)/(-1) + m/1. Suppose -3*w - 3 = -4*w, 4*t - h*w = 115. Is t composite?
False
Is (-188434)/((-23)/((-46)/4) + (-6 - -2)) prime?
False
Suppose 1472672 + 523111 = 51*f. Is f a prime number?
True
Let d(r) = r**2 + 9*r - 55. Let q be d(23). Suppose q = 6*t - 2517. Is t prime?
False
Let m(k) = k**2 - 43*k - 106. Let q be m(35). Let p = q + 1297. Is p prime?
True
Let b(a) be the third derivative of a**6/60 + 5*a**5/12 - 23*a**4/24 - a**3/2 - 50*a**2. Is b(-13) composite?
False
Is (16/(-5))/(-4) + 9212213/115 prime?
True
Let g(m) = 2*m + 3. Let b be g(7). Suppose -b*s + 10 = -12*s. Suppose 4 = s*n - 3*n, 3*q + 2*n - 619 = 0. Is q a prime number?
False
Let h = -226 + 245. Let m(q) = 129*q + 4. Is m(h) a prime number?
False
Suppose 0 = -6*q + 2*q + 8. Suppose 0 = -3*t + 11 - q. Suppose -d + t*d = 844. Is d composite?
True
Suppose -4*m - m - 4*g - 12 = 0, m = -5*g + 6. Is m/(-24)*6*8069 composite?
False
Let i = -28691 - -159420. Is i composite?
False
Suppose 4*n + 524 = j, 9*j = 3*n + 12*j + 378. Is ((-9009)/2 - -2)*52/n prime?
True
Let g(v) = 6089*v**2 - 455*v + 2645. Is g(6) composite?
False
Suppose -4*b - 18 = -30. Suppose 8*t - b*t - 2*c = 73, -4*t = 2*c - 44. Suppose t*a - 7217 = 7304. Is a prime?
True
Let r = 199 + -194. Suppose -b + 734 = 6*q - r*q, 3*q - 2941 = -4*b. Is b a prime number?
True
Let d = -590 - -595. Is 53*(115/1)/d a composite number?
True
Let v(d) be the second derivative of -22/3*d**3 + 13/2*d**2 + 0 + d. Is v(-9) a prime number?
True
Let r = -289599 + 420858. Is r a composite number?
True
Suppose 6*d - 8*d - 20 = 0. Let g = d + 13. Suppose 0 = 4*u - g*c + 2*c - 1576, 1979 = 5*u + c. Is u a composite number?
True
Let v be (-336)/(-9) + 7 - 2/6. Suppose -49*d + 2440 = -v*d. Suppose 1 = t, 0*s + 5*t = s - d. Is s a prime number?
False
Suppose -71*x + 29048314 = 2923651. Is x a composite number?
True
Let v(r) = 11131*r - 1593. Is v(22) prime?
False
Let s(f) = 106*f + 15. Let a(g) = 106*g + 13. Let x = -53 - -49. Let j(y) = x*s(y) + 5*a(y). Is j(1) prime?
False
Let r(t) = -97*t**2 + 3*t + 1. Let m be r(-5). Let i = -4364 - m. Let c = i + 3222. Is c a prime number?
True
Suppose t + 3*j = 2144 + 7046, 3*t + 2*j = 27591. Is t composite?
False
Suppose -27*i - 408411 = -36*i. Is i a prime number?
False
Let r be ((6 - -1) + 1)/((-1)/(-4)). Let q = r - 32. Suppose q*w = -w + 249. Is w composite?
True
Let i be (-669)/(-39) - (-2)/(-13). Suppose 5*s + i*g - 19*g - 97195 = 0, 5*g + 19439 = s. Is s a prime number?
False
Let z = 334562 - 48625. Is z a composite number?
False
Let i(r) = 4*r + 17. Let q be i(5). Let w = 33 - q. Is (w/(-6))/((-2)/(-2391)) prime?
True
Suppose -6 - 3 = f. Let h(r) = r**3 + 10*r**2 + 9*r - 2. Let j be h(f). Is j/(-28)*7132 - (-3)/(-7) prime?
True
Suppose -5*z = -27 + 37. Is (z + 20/15)/((-4)/9066) a composite number?
False
Let w(j) = 324*j**3 + j**2 - j - 1. Let k(v) = 2*v**2 - 28*v - 7. Let g(a) = -2*a**2 + 28*a + 8. Let u(s) = -6*g(s) - 7*k(s). Let d be u(14). Is w(d) composite?
True
Let n(o) = 6*o + 102. Let w be n(-17). Suppose 2*p = 2*m - 100, -3*p = -w*m - m + 48. Is m composite?
True
Let a(w) = 31*w + 186. Let g be a(-7). Let v(r) = -2*r**3 - 45*r**2 - 30*r - 196. Is v(g) a prime number?
False
Let z(g) = -5*g**3 - 167*g**2 - 58*g + 263. Is z(-51) composite?
False
Let f(n) = n**3 + 8*n**2 - 12*n - 27. Suppose 0 = -t, -5*m + 3*t - 45 = -2*t. Let c be f(m). Suppose 5*r - 8 + 33 = c, 3*r - 6613 = -4*k. Is k prime?
True
Let m = -139431 + 323794. Is m a prime number?
False
Let h(r) = -11*r - 15. Let b be h(-2). Suppose 0 = 5*t - g + 18674, 0 = -5*t + b*t - g + 7472. Let i = t - -7817. Is i a prime number?
False
Let g(n) = n**2 - 2*n**2 + 12 - 10 - 9*n. Let f be g(-9). Suppose i = -f*i + 78. Is i prime?
False
Suppose 0 = 2*c - 4*u + 16, 5*u = 4*c + u + 12. Suppose -4*q - 1691 = -k, c*k + 5*q = 3*k - 1686. Is k composite?
True
Suppose 0 = 22*i - 0*i - 476322. Suppose 3*q + 5*a - 28334 = 36612, q - i = -4*a. Is q composite?
False
Let d(r) = r**2 - 8*r + 10. Let m be d(6). Let w(b) = -8965*b - 27. Is w(m) composite?
False
Suppose 36*i + 90 = 6*i. Is -12*i/6 + (-41147)/(-23) a prime number?
False
Let j = 290002 - 84641. Is j composite?
True
Let o be 596622/23 + 4/(-46). Suppose 3*t + 7523 - o = 0. Is t a prime number?
False
Let h(k) = 77*k**2 - 17498*k + 35006*k - 17501*k + 7. Suppose -2 - 6 = 2*d. Is h(d) a prime number?
False
Suppose -29*y - l = -32*y + 96497, -5*l = -5*y + 160815. Is y composite?
True
Let r(k) = 2*k - 6. Let s be r(1). Is s/24 + (-20721)/(-18) a prime number?
True
Suppose 10*z - 89 = 101. Suppose 0 = -z*r + 154782 - 920. Is r composite?
True
Suppose -2*f = -7*f + 55. Let h = f + -16. Is (-2937)/h + 4/(-10) composite?
False
Let a = -49 - -93. Let h = a + -36. Suppose -h*y = -3*y - 1005. Is y a composite number?
True
Suppose 9*r = 4*r - 505. Let f = r + 178. Is (-10350)/(-14) - 22/f composite?
False
Suppose 4*n = h + 365494 + 586346, -713889 = -3*n + 3*h. Is n a prime number?
True
Let a be 1/(-6 - 402/(-66)) + -2. Suppose 0 = a*s - 70333 + 11086. Is s composite?
True
Let l(k) = 116*k + 23. Let c(w) = 174*w + 34. Let b(i) = 5*c(i) - 8*l(i). Let u be b(-14). Suppose -3*d + u = 3*f, 3*d - 838 = f + 4*f. Is d prime?
True
Let a be 1 - (4 - -83)*1. Let f = a + 91. Suppose -m + 2*v + 2219 = -0*m, 0 = -f*m + 3*v + 11123. Is m composite?
True
Let z = -1176 - -799. Let m = z - -8196. Is m composite?
True
Suppose 19*a - 12 = 21*a. Is (a/18)/1 - 74524/(-3) a prime number?
True
Let n = -52 - -66. Let g = n + -10. Suppose -g*x = -10*x + 5862. Is x a prime number?
True
Let i = 139855 - 61962. Is i a composite number?
False
Let u = -220 + 311. Is (-21888)/(-26) - (-14)/u prime?
False
Let q(g) = -11*g + 37. Let c be q(3). Suppose -w = c*h - 11615, -5*h = -4*w - h + 46380. Is w prime?
False
Suppose 3*a + 2*v - 809551 = 0, 65*a - 69*a = -2*v - 1079406. Is a a composite number?
False
Let b be (-60)/(-27) - 4*3/54. Let i = 7 - b. Is -4 - -880 - (-6)/(i + -3) prime?
False
Let c(n) = -n**3 + 7*n**2 - 17*n + 10. Let i be c(4). Is 2 - -610*(-25)/i prime?
False
Let y(p) be the second derivative of 23*p**4/4 + 11*p**3/6 - 31*p**2/2 + p - 3. Is y(-11) a composite number?
True
Let k(u) = 25*u**2 + u - 17. Let a be k(14). Suppose -500 = 5*y + 4*o - a, -3514 = -4*y - 2*o. Is y a prime number?
True
Suppose 4*u = 3*a + 187912 + 387232, -431385 = -3*u + 9*a. Is u prime?
False
Let y = 118952 + -58635. Is y a prime number?
True
Let w = -47 + 49. Suppose 3262 = -0*d + w*d. Is (d/(-21))/((-2)/30) a composite number?
True
Let z = -172 - -357. Suppose -o + z = p, -6*p + 4*o = -3*p - 569. Suppose 748 = 4*f + 3*u, -u + p = f + 4*u. Is f prime?
False
Is (-37)/(-629) + (4 - 5900614/(-17)) a composite number?
False
Let p be 6 + -3 - (4 + -3). Suppose -3*w = -b + 466, 2*b + 4*w - 1928 = -p*b. Let n = 1043 - b. Is n prime?
False
Suppose -5*r = m + 29 - 21, 4*m - 4*r = 16. Suppose 4*h - 5532 = -4*w, 7*h + 2*w = m*h + 6909. Is h a prime number?
True
Suppose 12*b + 7*b = 95. Suppose 0 = w + 3*x - 1346, 12*w - b*x = 16*w - 5419. Is w a prime number?
